 47739143?
9
What is the hundreds digit of 34890027?
0
What is the hundred millions digit of 6832096628?
8
What is the hundred millions digit of 156332363?
1
What is the hundred thousands digit of 33778793?
7
What is the hundred millions digit of 2533771092?
5
What is the hundreds digit of 155174822?
8
What is the tens digit of 4850529035?
3
What is the tens digit of 8518263150?
5
What is the hundred millions digit of 347291487?
3
What is the hundreds digit of 824082421?
4
What is the tens digit of 162581844?
4
What is the hundred millions digit of 3614144698?
6
What is the hundred millions digit of 118567441?
1
What is the tens digit of 623565283?
8
What is the hundreds digit of 121260235?
2
What is the millions digit of 33387621?
3
What is the tens digit of 55294451?
5
What is the hundreds digit of 265493037?
0
What is the tens digit of 530633389?
8
What is the billions digit of 1045854905?
1
What is the millions digit of 384699300?
4
What is the tens digit of 216377815?
1
What is the thousands digit of 4603566445?
6
What is the hundred thousands digit of 1041386227?
3
What is the hundreds digit of 31044942?
9
What is the ten millions digit of 56987929?
5
What is the hundred thousands digit of 204103495?
1
What is the hundreds digit of 51334822?
8
What is the hundred thousands digit of 63728408?
7
What is the tens digit of 31997128?
2
What is the hundreds digit of 2444321140?
1
What is the tens digit of 410983845?
4
What is the hundred thousands digit of 2208643126?
6
What is the ten millions digit of 353855926?
5
What is the hundred thousands digit of 4605032684?
0
What is the hundred thousands digit of 23142184?
1
What is the ten millions digit of 62645671?
6
What is the thousands digit of 10063965?
3
What is the ten millions digit of 33285920?
3
What is the millions digit of 302839434?
2
What is the hundred thousands digit of 1530291106?
2
What is the hundred millions digit of 230814918?
2
What is the billions digit of 2446469255?
2
What is the hundreds digit of 192359158?
1
What is the billions digit of 2260370961?
2
What is the tens digit of 606973657?
5
What is the millions digit of 99108954?
9
What is the thousands digit of 226349947?
9
What is the hundreds digit of 1237056249?
2
What is the millions digit of 755979769?
5
What is the units digit of 53598975?
5
What is the millions digit of 414993360?
4
What is the millions digit of 310770178?
0
What is the ten thousands digit of 31526617?
2
What is the hundred thousands digit of 3373366922?
3
What is the units digit of 510274139?
9
What is the tens digit of 350510153?
5
What is the thousands digit of 1400161959?
1
What is the thousands digit of 102083389?
3
What is the thousands digit of 10975635?
5
What is the ten millions digit of 7457185289?
5
What is the hundred thousands digit of 43899490?
8
What is the hundred millions digit of 504106765?
5
What is the tens digit of 555355545?
4
What is the thousands digit of 292672798?
2
What is the ten thousands digit of 197301839?
0
What is the millions digit of 1640896959?
0
What is the millions digit of 19296006?
9
What is the ten millions digit of 22380007?
2
What is the units digit of 58187688?
8
What is the tens digit of 276948566?
6
What is the thousands digit of 329444305?
4
What is the hundreds digit of 298908322?
3
What is the hundreds digit of 4584972716?
7
What is the ten millions digit of 21969190?
2
What is the ten millions digit of 50998317?
5
What is the ten millions digit of 4252562828?
5
What is the hundreds digit of 93831329?
3
What is the hundred thousands digit of 1552657020?
6
What is the ten thousands digit of 848872683?
7
What is the hundred thousands digit of 261659909?
6
What is the ten millions digit of 262339075?
6
What is the hundred thousands digit of 1531778422?
7
What is the units digit of 251524587?
7
What is the hundred thousands digit of 343805773?
8
What is the hundreds digit of 727313398?
3
What is the thousands digit of 43026339?
6
What is the units digit of 2304515938?
8
What is the millions digit of 1664890822?
4
What is the tens digit of 1379485285?
8
What is the units digit of 7047664?
4
What is the hundred thousands digit of 201857192?
8
What is the tens digit of 883698731?
3
What is the hundred thousands digit of 504159688?
1
What is the tens digit of 3539567009?
0
What is the units digit of 537995373?
3
What is the hundred thousands digit of 24197532?
1
What is the ten millions digit of 3420027230?
2
What is the units digit of 209391476?
6
What is the hundred thousands digit of 1718515839?
5
What is the thousands digit of 213263333?
3
What is the thousands digit of 69188319?
8
What is the ten thousands digit of 950831469?
3
What is the units digit of 561657?
7
What is the millions digit of 30454843?
0
What is the units digit of 6096398815?
5
What is the ten thousands digit of 329765958?
6
What is the millions digit of 117993904?
7
What is the ten millions digit of 42027607?
4
What is the hundred millions digit of 3008352208?
0
What is the units digit of 1261315932?
2
What is the ten thousands digit of 166909426?
0
What is the billions digit of 1895573645?
1
What is the units digit of 1452635326?
6
What is the thousands digit of 237767229?
7
What is the millions digit of 90109010?
0
What is the thousands digit of 145935498?
5
What is the hundreds digit of 5658735?
7
What is the ten millions digit of 45674125?
4
What is the tens digit of 162929638?
3
What is the units digit of 9355721?
1
What is the units digit of 19731416?
6
What is the billions digit of 1982899027?
1
What is the hundreds digit of 57742160?
1
What is the hundred millions digit of 1469535495?
4
What is the ten thousands digit of 191352932?
5
What is the ten thousands digit of 299079854?
7
What is the ten millions digit of 30729668?
3
What is the ten millions digit of 360414787?
6
What is the thousands digit of 1303280661?
0
What is the units digit of 74981042?
2
What is the ten thousands digit of 803175001?
7
What is the thousands digit of 73815108?
5
What is the thousands digit of 4602891044?
1
What is the hundred millions digit of 891166291?
8
What is the hundred thousands digit of 199815193?
8
What is the thousands digit of 44431791?
1
What is the thousands digit of 135094516?
4
What is the thousands digit of 1606575420?
5
What is the hundred millions digit of 915454816?
9
What is the ten thousands digit of 533085068?
8
What is the ten millions digit of 1066300077?
6
What is the millions digit of 581323630?
1
What is the millions digit of 319703607?
9
What is the thousands digit of 6444966057?
6
What is the hundred thousands digit of 32704918?
7
What is the ten thousands digit of 1005124005?
2
What is the units digit of 154422305?
5
What is the tens digit of 672569626?
2
What is the tens digit of 16273790?
9
What is the billions digit of 1701324898?
1
What is the ten millions digit of 2914737380?
1
What is the thousands digit of 17108441?
8
What is the units digit of 49489834?
4
What is the hundred thousands digit of 7181557172?
5
What is the units digit of 203352689?
9
What is the hundreds digit of 988620531?
5
What is the millions digit of 4336498212?
6
What is the hundreds digit of 41947886?
8
What is the tens digit of 5450612946?
4
What is the ten thousands digit of 863413957?
1
What is the thousands digit of 949456328?
6
What is the ten millions digit of 2875200325?
7
What is the hundred thousands digit of 1516811132?
8
What is the ten millions digit of 2784726278?
8
What is the hundreds digit of 31503482?
4
What is the millions digit of 18278303?
8
What is the hundreds digit of 1033714576?
5
What is the ten millions digit of 142842976?
4
What is the hundreds digit of 32851388?
3
What is the units digit of 3227624644?
4
What is the units digit of 509152725?
5
What is the thousands digit of 53966612?
6
What is the thousands digit of 797840545?
0
What is the ten millions digit of 1146849965?
4
What is the hundreds digit of 2150267785?
7
What is the hundred thousands digit of 943682685?
6
What is the hundreds digit of 37165953?
9
What is the millions digit of 4878928634?
8
What is the ten thousands digit of 760485269?
8
What is the tens digit of 75598577?
7
What is the thousands digit of 13825621?
5
What is the ten millions 